e ten millions digit of 199049935?
9
What is the tens digit of 3403405643?
4
What is the hundred thousands digit of 8244696?
2
What is the tens digit of 41687075?
7
What is the millions digit of 269266673?
9
What is the hundred millions digit of 124069059?
1
What is the hundreds digit of 1335316946?
9
What is the hundreds digit of 79584038?
0
What is the hundred thousands digit of 537028474?
0
What is the thousands digit of 1846970585?
0
What is the thousands digit of 69218109?
8
What is the hundreds digit of 134856652?
6
What is the billions digit of 1663600180?
1
What is the tens digit of 1766826288?
8
What is the ten millions digit of 557779438?
5
What is the thousands digit of 1583982131?
2
What is the ten millions digit of 307175342?
0
What is the millions digit of 984604660?
4
What is the hundred thousands digit of 71168896?
1
What is the ten thousands digit of 138174941?
7
What is the thousands digit of 427565152?
5
What is the hundreds digit of 2639256093?
0
What is the ten thousands digit of 41546418?
4
What is the hundreds digit of 1709994?
9
What is the hundreds digit of 169559170?
1
What is the ten thousands digit of 446327761?
2
What is the millions digit of 1123042563?
3
What is the thousands digit of 696096517?
6
What is the tens digit of 82341882?
8
What is the ten thousands digit of 87678861?
7
What is the thousands digit of 243023718?
3
What is the ten millions digit of 93053615?
9
What is the hundred thousands digit of 92309737?
3
What is the hundreds digit of 1536290569?
5
What is the ten thousands digit of 1985285596?
8
What is the hundreds digit of 10570437?
4
What is the hundreds digit of 530782833?
8
What is the millions digit of 41177301?
1
What is the ten thousands digit of 839398133?
9
What is the hundreds digit of 217806061?
0
What is the hundreds digit of 3002242964?
9
What is the ten millions digit of 22325251?
2
What is the ten thousands digit of 841602614?
0
What is the hundred thousands digit of 750522838?
5
What is the units digit of 52352457?
7
What is the tens digit of 131713838?
3
What is the tens digit of 1267014913?
1
What is the units digit of 615506758?
8
What is the thousands digit of 2321720831?
0
What is the units digit of 8936713054?
4
What is the hundreds digit of 804459989?
9
What is the hundred thousands digit of 7557985?
5
What is the units digit of 93258888?
8
What is the thousands digit of 31771332?
1
What is the ten thousands digit of 12619455?
1
What is the ten thousands digit of 624888487?
8
What is the hundred thousands digit of 41905690?
9
What is the hundred millions digit of 3267093619?
2
What is the ten millions digit of 84296050?
8
What is the thousands digit of 727185872?
5
What is the ten thousands digit of 30585169?
8
What is the thousands digit of 1166382435?
2
What is the units digit of 50654117?
7
What is the millions digit of 79253573?
9
What is the billions digit of 1994232952?
1
What is the ten thousands digit of 10975001?
7
What is the tens digit of 30831680?
8
What is the units digit of 3425462616?
6
What is the tens digit of 254349635?
3
What is the thousands digit of 38313444?
3
What is the ten thousands digit of 8032392397?
9
What is the tens digit of 136006076?
7
What is the millions digit of 5011791382?
1
What is the hundreds digit of 42830886?
8
What is the hundreds digit of 45418642?
6
What is the ten thousands digit of 4491837?
9
What is the hundred thousands digit of 42836216?
8
What is the tens digit of 4988302323?
2
What is the thousands digit of 408870073?
0
What is the ten thousands digit of 113209861?
0
What is the tens digit of 77174754?
5
What is the units digit of 64117969?
9
What is the hundred thousands digit of 6434472454?
4
What is the ten millions digit of 33499657?
3
What is the hundred thousands digit of 5303218340?
2
What is the units digit of 826811211?
1
What is the units digit of 2450696358?
8
What is the ten thousands digit of 146876716?
7
What is the hundreds digit of 89672145?
1
What is the hundred thousands digit of 2165974685?
9
What is the millions digit of 1725414995?
5
What is the ten millions digit of 1205613794?
0
What is the billions digit of 1145903511?
1
What is the millions digit of 536688518?
6
What is the tens digit of 910190074?
7
What is the units digit of 695484750?
0
What is the thousands digit of 257850043?
0
What is the thousands digit of 5130868511?
8
What is the tens digit of 43398595?
9
What is the millions digit of 31201318?
1
What is the ten millions digit of 5414726743?
1
What is the tens digit of 283316455?
5
What is the units digit of 388318799?
9
What is the units digit of 5317518243?
3
What is the thousands digit of 821176061?
6
What is the thousands digit of 31770449?
0
What is the ten thousands digit of 2585589977?
8
What is the millions digit of 123396534?
3
What is the units digit of 51619954?
4
What is the hundred thousands digit of 2242353108?
3
What is the hundred thousands digit of 12485318?
4
What is the thousands digit of 155206784?
6
What is the units digit of 54248841?
1
What is the units digit of 2890706213?
3
What is the hundred thousands digit of 37197429?
1
What is the hundred thousands digit of 1083084850?
0
What is the ten thousands digit of 69719206?
1
What is the tens digit of 369661861?
6
What is the ten thousands digit of 2796427232?
2
What is the ten thousands digit of 2110302839?
0
What is the hundred millions digit of 5440154641?
4
What is the ten millions digit of 1879351284?
7
What is the hundred millions digit of 1694918817?
6
What is the ten millions digit of 1451551447?
5
What is the tens digit of 39304103?
0
What is the hundred thousands digit of 8527059309?
0
What is the millions digit of 10964653?
0
What is the ten millions digit of 42356983?
4
What is the thousands digit of 197245741?
5
What is the tens digit of 6988340?
4
What is the hundreds digit of 553146424?
4
What is the hundred thousands digit of 568704156?
7
What is the tens digit of 1796386046?
4
What is the thousands digit of 41512225?
2
What is the ten millions digit of 616673723?
1
What is the ten thousands digit of 240086819?
8
What is the hundreds digit of 20781484?
4
What is the ten millions digit of 1196465456?
9
What is the tens digit of 65870215?
1
What is the ten millions digit of 70977276?
7
What is the ten millions digit of 52752348?
5
What is the hundred thousands digit of 23877572?
8
What is the ten millions digit of 1150509950?
5
What is the hundreds digit of 46920631?
6
What is the ten millions digit of 684753006?
8
What is the hundred thousands digit of 1919573418?
5
What is the thousands digit of 115934670?
4
What is the hundreds digit of 73229873?
8
What is the tens digit of 37994058?
5
What is the millions digit of 4133145?
4
What is the tens digit of 16137783?
8
What is the thousands digit of 183818747?
8
What is the millions digit of 36317851?
6
What is the thousands digit of 971443462?
3
What is the thousands digit of 4534446997?
6
What is the units digit of 169340378?
8
What is the millions digit of 16148755?
6
What is the units digit of 102680487?
7
What is the units digit of 2511237603?
3
What is the ten millions digit of 266369533?
6
What is the tens digit of 73130961?
6
What is the ten millions digit of 2532451140?
3
What is the hundred millions digit of 438194214?
4
What is the thousands digit of 79581399?
1
What is the hundreds digit of 2805679?
6
What is the hundreds digit of 64870912?
9
What is the hundred millions digit of 4767526722?
7
What is the ten thousands digit of 1028677440?
7
What is the units digit of 67750086?
6
What is the ten thousands digit of 67286282?
8
What is the ten millions digit of 238689756?
3
What is the hundred thousands digit of 1348548826?
5
What is the hundred millions digit of 261680520?
2
What is the hundred thousands digit of 67063764?
0
What is the millions digit of 3261804592?
1
What is the tens digit of 425557610?
1
What is the ten millions digit of 59298345?
5
What is the hundreds digit of 3390012?
0
What is the millions digit of 113196982?
3
What is the ten millions digit of 478687438?
7
What is the ten thousands digit of 3108630?
0
What is the hundred thousands digit of 9823647?
8
What is the millions digit of 76993775?
6
What is the thousands digit 